of 70?
True
Is 5 a factor of 3620?
True
Does 3 divide 576?
True
Does 6 divide 108?
True
Does 30 divide 180?
True
Is 6 a factor of 924?
True
Is 626 a multiple of 4?
False
Is 102 a factor of 13129?
False
Does 8 divide 4094?
False
Is 14 a factor of 3528?
True
Does 13 divide 13760?
False
Is 34 a factor of 104?
False
Is 32702 a multiple of 83?
True
Is 3 a factor of 1149?
True
Is 16 a factor of 62088?
False
Is 23 a factor of 46685?
False
Is 91 a factor of 2065?
False
Is 39 a factor of 1413?
False
Is 6 a factor of 876?
True
Does 22 divide 2266?
True
Is 8898 a multiple of 177?
False
Is 34 a factor of 6510?
False
Does 73 divide 719?
False
Does 6 divide 612?
True
Is 86537 a multiple of 11?
True
Does 77 divide 693?
True
Is 16 a factor of 988?
False
Is 49 a factor of 56350?
True
Is 59621 a multiple of 27?
False
Is 1168 a multiple of 8?
True
Is 59215 a multiple of 301?
False
Is 5900 a multiple of 54?
False
Is 35 a factor of 35?
True
Does 17 divide 26928?
True
Is 20 a factor of 2057?
False
Is 2032 a multiple of 8?
True
Does 2 divide 2163?
False
Is 169 a multiple of 13?
True
Does 47 divide 1820?
False
Does 23 divide 2334?
False
Does 296 divide 24568?
True
Does 40 divide 6600?
True
Is 101 a factor of 69589?
True
Is 13523 a multiple of 96?
False
Is 567 a multiple of 14?
False
Is 703 a multiple of 19?
True
Does 26 divide 1022?
False
Is 26052 a multiple of 167?
True
Is 5 a factor of 231?
False
Does 16 divide 1078?
False
Is 559 a multiple of 43?
True
Is 27 a factor of 14503?
False
Is 1863 a multiple of 81?
True
Does 26 divide 626?
False
Is 27 a factor of 30455?
False
Does 136 divide 408?
True
Is 1043 a multiple of 25?
False
Is 539 a multiple of 7?
True
Is 1635 a multiple of 15?
True
Is 10540 a multiple of 31?
True
Is 13 a factor of 812?
False
Does 6 divide 354?
True
Is 17 a factor of 339?
False
Is 1308 a multiple of 6?
True
Is 82264 a multiple of 52?
True
Does 19 divide 24776?
True
Is 22 a factor of 1760?
True
Is 9036 a multiple of 18?
True
Is 7 a factor of 509?
False
Is 1036 a multiple of 14?
True
Is 25 a factor of 825?
True
Does 4 divide 88?
True
Is 25501 a multiple of 118?
False
Does 13 divide 2687?
False
Does 16 divide 551?
False
Is 6 a factor of 510?
True
Does 12 divide 157?
False
Does 27 divide 10881?
True
Is 345 a multiple of 23?
True
Is 737 a multiple of 71?
False
Is 16216 a multiple of 256?
False
Does 62 divide 1479?
False
Is 3050 a multiple of 11?
False
Is 17 a factor of 14636?
False
Is 118 a factor of 27966?
True
Does 63 divide 3276?
True
Is 94 a factor of 376?
True
Does 8 divide 344?
True
Is 1619 a multiple of 12?
False
Is 372 a factor of 91884?
True
Does 97 divide 42292?
True
Is 207 a multiple of 14?
False
Is 106 a factor of 35866?
False
Is 88 a factor of 2024?
True
Is 34 a factor of 8058?
True
Is 9 a factor of 8010?
True
Is 20160 a multiple of 168?
True
Does 9 divide 135?
True
Is 17 a factor of 8415?
True
Does 7 divide 19250?
True
Does 23 divide 65?
False
Is 25 a factor of 4600?
True
Does 160 divide 20618?
False
Is 13 a factor of 2079?
False
Is 156 a factor of 866?
False
Is 3 a multiple of 3?
True
Is 196 a multiple of 14?
True
Is 22537 a multiple of 202?
False
Is 2124 a multiple of 7?
False
Is 80 a multiple of 8?
True
Is 423 even?
False
Is 18 a factor of 2736?
True
Is 15804 a multiple of 9?
True
Does 11 divide 22741?
False
Is 2636 a multiple of 18?
False
Is 15 a factor of 15?
True
Is 5 a factor of 2225?
True
Is 39 a factor of 10425?
False
Does 4 divide 15336?
True
Does 31 divide 848?
False
Is 59 a factor of 11387?
True
Is 5121 a multiple of 9?
True
Is 255 a factor of 13515?
True
Is 25 a factor of 11502?
False
Does 15 divide 11040?
True
Is 295 a factor of 53297?
False
Is 7127 a multiple of 15?
False
Does 5 divide 125?
True
Is 3538 even?
True
Does 12 divide 1764?
True
Is 676 a multiple of 35?
False
Is 2 a factor of 178?
True
Does 17 divide 1496?
True
Does 255 divide 36210?
True
Is 7887 a multiple of 239?
True
Does 67 divide 3656?
False
Is 2 a factor of 212?
True
Is 17 a factor of 51?
True
Does 227 divide 30418?
True
Is 55800 a multiple of 10?
True
Is 67 a factor of 17286?
True
Is 41 a factor of 40303?
True
Is 26 a factor of 6058?
True
Does 53 divide 11872?
True
Does 6 divide 2483?
False
Does 3 divide 135?
True
Does 25 divide 1070?
False
Does 15 divide 1057?
False
Does 7 divide 7968?
False
Is 222 a factor of 14430?
True
Does 69 divide 145146?
False
Is 14 a factor of 1234?
False
Is 21 a factor of 1554?
True
Does 31 divide 28892?
True
Does 45 divide 9855?
True
Is 20785 a multiple of 12?
False
Is 31147 a multiple of 48?
False
Is 75 a factor of 7191?
False
Is 2944 a multiple of 46?
True
Does 174 divide 12320?
False
Is 63 a factor of 81081?
True
Does 13 divide 4589?
True
Is 6481 a multiple of 24?
False
Is 1937 a multiple of 53?
False
Is 11 a factor of 462?
True
Is 72 a factor of 61488?
True
Is 1026 a multiple of 3?
True
Does 75 divide 20775?
True
Is 59 a factor of 9572?
False
Is 43 a factor of 746?
False
Does 19 divide 366?
False
Does 4 divide 20?
True
Is 427 a multiple of 14?
False
Does 17 divide 816?
True
Does 21 divide 34986?
True
Is 57 a multiple of 3?
True
Is 116 a multiple of 2?
True
Is 39 a factor of 656?
False
Is 16 a factor of 2091?
False
Is 138 a factor of 2070?
True
Is 1320 a multiple of 22?
True
Is 2 a factor of 250?
True
Does 12 divide 2048?
False
Is 4 a factor of 316?
True
Is 356 a multiple of 3?
False
Is 5746 a multiple of 13?
True
Does 155 divide 1240?
True
Does 4 divide 296?
True
Is 23 a factor of 749?
False
Is 875 a multiple of 7?
True
Is 10650 a multiple of 202?
False
Is 3 a factor of 24467?
False
Is 734 a multiple of 9?
False
Is 462 a multiple of 33?
True
Is 35093 a multiple of 19?
True
Is 20 a factor of 17660?
True
Is 29 a factor of 4263?
True
Is 2157 a multiple of 23?
False
Is 15 a factor of 79575?
True
Is 3330 a multiple of 111?
True
Does 9 divide 322?
False
Is 131 a multiple of 8?
False
Is 102 a factor of 1639?
False
Is 420 a multiple of 12?
True
Does 63 divide 344?
False
Does 23 divide 1495?
True
Is 400 a multiple of 10?
True
Does 13 divide 728?
True
Is 15040 a multiple of 94?
True
Does 15 divide 367?
False
Does 112 divide 5600?
True
Is 31 a factor of 445?
False
Does 152 divide 23408?
True
Is 166 even?
True
Does 83 divide 4161?
False
Does 13 divide 30966?
True
Does 6 divide 9?
False
Is 392 a multiple of 28?
True
Does 26 divide 30914?
True
Is 2169 a multiple of 16?
False
Is 15 a factor of 1933?
False
Is 9168 a multiple of 6?
True
Does 76 divide 10095?
False
Is 46157 a multiple of 101?
True
Is 245 a factor of 32830?
True
Does 41 divide 5019?
False
Is 5058 a multiple of 6?
True
Is 191 a factor of 8754?
False
Does 3 divide 45?
True
Does 5 divide 8875?
True
Is 29 a factor of 29?
True
Does 37 divide 6438?
True
Is 4221 a multiple of 37?
False
Is 73 a factor of 5546?
False
Is 152 a factor of 15266?
False
Is 35475 a multiple of 275?
True
Does 74 divide 26093?
False
Is 36 a factor of 1130?
False
Does 25 divide 29?
False
Is 19522 a multiple of 43?
True
Is 12523 a multiple of 14?
False
Is 12 a factor of 1404?
True
Is 53 a factor of 5724?
True
Is 27 a factor of 10233?
True
Does 238 divide 28996?
False
Does 58 divide 13108?
True
Is 3940 a multiple of 28?
False
Is 6 a factor of 78?
True
Does 13 divide 225?
False
Is 5880 a multiple of 7?
True
Is 7599 a multiple of 11?
False
Is 2309 a multiple of 10?
False
Is 4320 a multiple of 21?
False
Is 13 a factor of 1131?
True
Does 102 divide 6277?
False
Is 13734 a multiple of 14?
True
Is 18 a factor of 5682?
False
Is 9 a factor of 11187?
True
Does 27 divide 10638?
True
Does 19 divide 622?
False
Does 66 divide 10790?
False
Is 882 a multiple of 21?
True
Does 17 divide 28615?
False
Is 75 a factor of 191?
False
Does 4 divide 12800?
True
Is 3 a factor of 278?
False
Does 16 divide 5760?
True
Is 76 a factor of 3975?
False
Is 1980 a multiple of 132?
True
Is 2880 a multiple of 48?
True
Does 42 divide 18655?
False
Does 21 divide 1693?
False
Does 26 divide 2754?
False
Is 1560 a multiple of 24?
True
Is 168 a multiple of 21?
True
Is 29 a factor of 2349?
True
Is 84 a factor of 349?
False
Is 83127 a multiple of 85?
False
Is 25508 a multiple of 11?
False
Is 2568 a multiple of 42?
False
Does 11 divide 7400?
False
Does 12 divide 9204?
True
Is 56 a factor of 14952?
True
Does 4 divide 3384?
True
Is 12876 a multiple of 29?
T